{"id":6556,"date":"2024-05-31T19:03:19","date_gmt":"2024-05-31T17:03:19","guid":{"rendered":"https:\/\/www.lacasellamontalcino.com\/chi-siamo-nuovo\/"},"modified":"2024-12-20T15:18:33","modified_gmt":"2024-12-20T14:18:33","slug":"ueber-uns","status":"publish","type":"page","link":"https:\/\/www.lacasellamontalcino.com\/de\/ueber-uns\/","title":{"rendered":"\u00fcber uns"},"content":{"rendered":"<section class=\"wpb-content-wrapper\"><p>[vc_row full_width=&#8220;stretch_row&#8220;][vc_column][vc_empty_space height=&#8220;15px&#8220;][vc_row_inner equal_height=&#8220;yes&#8220; content_placement=&#8220;middle&#8220;][vc_column_inner css=&#8220;.vc_custom_1476282708726{padding: 0px !important;}&#8220;]\n\t<div class=\"title-subtitle-box   \" style=\" text-align: center;\">\n\t\t<hr class=\"has-topline\"  \/>\n\t\t<span class=\"toptitle\">1300<\/span>\n\t\t<h2 style=\" color:#000000;  font-style: normal; font-weight: 400; letter-spacing: 0px;\" >Die Entstehung des Landguts \u201eLa Casella\u201c<\/h2>\n\t<\/div> [vc_column_text css=&#8220;.vc_custom_1717676248720{margin-bottom: 25px !important;padding-right: 10% !important;padding-left: 10% !important;}&#8220;]<\/p>\n<p style=\"text-align: center;\">Der Ursprung des Gutes ist in den Archiven des Grundbuchs \u201eCatasto Leopoldino\u201c dokumentiert, wo die Struktur in ihrer urspr\u00fcnglichen Form abgebildet ist. Aus den historischen Aufzeichnungen der Gemeinde Montalcino geht hervor, dass das Geb\u00e4ude um das Jahr 1300 entstand. La Casella war nicht f\u00fcr Wohnzwecke bestimmt, sondern diente als Werkstatt f\u00fcr die Herstellung von K\u00f6rben f\u00fcr den Warentransport. Montalcino war in fr\u00fcheren Zeiten f\u00fcr seine Handwerkskunst bekannt. Es sind viele Zeugnisse von Werkst\u00e4tten zur Herstellung von Hanfseilen, Lederarbeiten und Keramiken \u00fcberliefert.<\/p>\n<p>[\/vc_column_text][vc_empty_space][vc_single_image image=&#8220;5796&#8243; img_size=&#8220;large&#8220; alignment=&#8220;center&#8220;][\/vc_column_inner][\/vc_row_inner][vc_row_inner equal_height=&#8220;yes&#8220; content_placement=&#8220;middle&#8220;][vc_column_inner css=&#8220;.vc_custom_1476282708726{padding: 0px !important;}&#8220;]\n\t<div class=\"title-subtitle-box   \" style=\" text-align: center;\">\n\t\t<hr class=\"has-topline\"  \/>\n\t\t<span class=\"toptitle\">Die urspr\u00fcngliche Zufahrtsstra\u00dfe<\/span>\n\t\t<h2 style=\" color:#000000;  font-style: normal; font-weight: 400; letter-spacing: 0px;\" >Ein strategischer Punkt f\u00fcr die Kunsthandwerker von Montalcino<\/h2>\n\t<\/div> [vc_column_text css=&#8220;.vc_custom_1717676349741{margin-bottom: 25px !important;padding-right: 10% !important;padding-left: 10% !important;}&#8220;]<\/p>\n<div style=\"color: black; font-size: 16px; text-align: center;\">Das Gut befindet sich in der N\u00e4he der Stadtmauern von Montalcino, entlang der urspr\u00fcnglichen Zufahrtsstra\u00dfe. Es scheint, dass das Land vom oberen Teil des H\u00fcgels, der als \u201eOsticcio\u201c bekannt ist, bis zu dem Anwesen mit Kastanienb\u00e4umen bewachsen war, die nicht f\u00fcr die Ernte der Kastanien, sondern f\u00fcr den Holzbestand wichtig waren. Dieses Holz, das im nahe gelegenen Trogolo-Graben aufgeweicht wurde, konnte von erfahrenen Handwerkern leicht bearbeitet und geflochten werden, um K\u00f6rbe f\u00fcr den Warentransport herzustellen.<\/div>\n<p>[\/vc_column_text][vc_empty_space][vc_single_image image=&#8220;4321&#8243; img_size=&#8220;large&#8220; alignment=&#8220;center&#8220;][\/vc_column_inner][\/vc_row_inner][vc_row_inner equal_height=&#8220;yes&#8220; content_placement=&#8220;middle&#8220;][vc_column_inner css=&#8220;.vc_custom_1476282708726{padding: 0px !important;}&#8220;]\n\t<div class=\"title-subtitle-box   \" style=\" text-align: center;\">\n\t\t<hr class=\"has-topline\"  \/>\n\t\t<span class=\"toptitle\">Der Handel<\/span>\n\t\t<h2 style=\" color:#000000;  font-style: normal; font-weight: 400; letter-spacing: 0px;\" >Die Handelswege<\/h2>\n\t<\/div> [vc_column_text css=&#8220;.vc_custom_1717676360422{margin-bottom: 25px !important;padding-right: 10% !important;padding-left: 10% !important;}&#8220;]<\/p>\n<div style=\"color: black; font-size: 16px; text-align: center;\">\n<div class=\"wpb_text_column wpb_content_element vc_custom_1714486390953\">\n<div class=\"wpb_wrapper\">\n<div class=\"wpb_text_column wpb_content_element vc_custom_1714486423674\">\n<div class=\"wpb_wrapper\">\n<div>\n<p class=\"p1\"><span class=\"s1\">Rund um La Casella verl\u00e4uft eine Stra\u00dfe, die in der Vergangenheit den Reichtum dieses Gebiets von Montalcino ausmachte. Diese Stra\u00dfe war zu jener Zeit von grundlegender Bedeutung f\u00fcr den Handel, vor allem wegen ihrer strategischen Lage.<\/span><\/p>\n<p class=\"p3\"><span class=\"s1\">Sie erm\u00f6glichte es den Reisenden, die aus dem Val d\u2019Arbia, dem Val d\u2019Orcia und vom Monte Amiata ankamen, die Stadt \u00fcber das Stadttor \u201ePorta Cerbaia\u201c zu erreichen, den historischen Zugang zu Montalcino, und dann in Richtung der Maremma weiterzufahren.<\/span><\/p>\n<\/div>\n<\/div>\n<\/div>\n<\/div>\n<\/div>\n<\/div>\n<p>[\/vc_column_text][vc_empty_space][vc_single_image image=&#8220;5667&#8243; img_size=&#8220;large&#8220; alignment=&#8220;center&#8220;][\/vc_column_inner][\/vc_row_inner][vc_row_inner equal_height=&#8220;yes&#8220; content_placement=&#8220;middle&#8220;][vc_column_inner css=&#8220;.vc_custom_1476282708726{padding: 0px !important;}&#8220;]\n\t<div class=\"title-subtitle-box   \" style=\" text-align: center;\">\n\t\t<hr class=\"has-topline\"  \/>\n\t\t<span class=\"toptitle\">Heute<\/span>\n\t\t<h2 style=\" color:#000000;  font-style: normal; font-weight: 400; letter-spacing: 0px;\" >Die Wiederherstellung des \u201ePodere La Casella\u201c<\/h2>\n\t<\/div> [vc_column_text css=&#8220;.vc_custom_1717676386310{margin-bottom: 25px !important;padding-right: 10% !important;padding-left: 10% !important;}&#8220;]<\/p>\n<div style=\"color: black; font-size: 16px; text-align: center;\">Im 17. Jahrhundert wurde es von einer Werkstatt in ein Wohnhaus umgewandelt und erfuhr im Laufe der Jahre zahlreiche Umbauten. Heute ist der Podere La Casella perfekt in die Umgebung und die Architektur von Montalcino integriert. Alle Geb\u00e4ude, einschlie\u00dflich der Trockenmauern der Terrassen an der Stra\u00dfe, die in die Stadt f\u00fchrt, sind perfekt aufeinander abgestimmt und bilden eine \u00e4sthetische und authentische Einheit mit den Geb\u00e4uden des historischen Stadtzentrums.<\/div>\n<p>[\/vc_column_text][vc_empty_space][vc_single_image image=&#8220;7081&#8243; img_size=&#8220;large&#8220; alignment=&#8220;center&#8220;][\/vc_column_inner][\/vc_row_inner][\/vc_column][\/vc_row]<\/p>\n<\/section>","protected":false},"excerpt":{"rendered":"<p>[vc_row full_width=&#8220;stretch_row&#8220;][vc_column][vc_empty_space height=&#8220;15px&#8220;][vc_row_inner equal_height=&#8220;yes&#8220; content_placement=&#8220;middle&#8220;][vc_column_inner css=&#8220;.vc_custom_1476282708726{padding: 0px !important;}&#8220;][vc_column_text css=&#8220;.vc_custom_1717676248720{margin-bottom: 25px !important;padding-right: 10% !important;padding-left: 10% !important;}&#8220;] Der Ursprung des Gutes ist in den Archiven des Grundbuchs \u201eCatasto Leopoldino\u201c dokumentiert, wo die Struktur in ihrer urspr\u00fcnglichen Form abgebildet ist. Aus den historischen Aufzeichnungen der Gemeinde Montalcino geht hervor, dass das Geb\u00e4ude um das Jahr 1300 entstand. La<br class=\"read-more-spacer\"> <a class=\"more-link\" href=\"https:\/\/www.lacasellamontalcino.com\/de\/ueber-uns\/\">Read More<\/a><\/p>\n","protected":false},"author":1,"featured_media":6860,"parent":0,"menu_order":0,"comment_status":"closed","ping_status":"closed","template":"","meta":{"footnotes":""},"acf":[],"_links":{"self":[{"href":"https:\/\/www.lacasellamontalcino.com\/de\/wp-json\/wp\/v2\/pages\/6556"}],"collection":[{"href":"https:\/\/www.lacasellamontalcino.com\/de\/wp-json\/wp\/v2\/pages"}],"about":[{"href":"https:\/\/www.lacasellamontalcino.com\/de\/wp-json\/wp\/v2\/types\/page"}],"author":[{"embeddable":true,"href":"https:\/\/www.lacasellamontalcino.com\/de\/wp-json\/wp\/v2\/users\/1"}],"replies":[{"embeddable":true,"href":"https:\/\/www.lacasellamontalcino.com\/de\/wp-json\/wp\/v2\/comments?post=6556"}],"version-history":[{"count":14,"href":"https:\/\/www.lacasellamontalcino.com\/de\/wp-json\/wp\/v2\/pages\/6556\/revisions"}],"predecessor-version":[{"id":7084,"href":"https:\/\/www.lacasellamontalcino.com\/de\/wp-json\/wp\/v2\/pages\/6556\/revisions\/7084"}],"wp:featuredmedia":[{"embeddable":true,"href":"https:\/\/www.lacasellamontalcino.com\/de\/wp-json\/wp\/v2\/media\/6860"}],"wp:attachment":[{"href":"https:\/\/www.lacasellamontalcino.com\/de\/wp-json\/wp\/v2\/media?parent=6556"}],"curies":[{"name":"wp","href":"https:\/\/api.w.org\/{rel}","templated":true}]}}

über uns

<section class="wpb-content-wrapper"><p>[vc_row full_width=&#8220;stretch_row&#8220;][vc_column][vc_empty_space height=&#8220;15px&#8220;][vc_row_inner equal_height=&#8220;yes&#8220; content_placement=&#8220;middle&#8220;][vc_column_inner css=&#8220;.vc_custom_1476282708726{padding: 0px !important;}&#8220;]
	<div class="title-subtitle-box   " style=" text-align: center;">
		<hr class="has-topline"  />
		<span class="toptitle">1300</span>
		<h2 style=" color:#000000;  font-style: normal; font-weight: 400; letter-spacing: 0px;" >Die Entstehung des Landguts „La Casella“</h2>
	</div> [vc_column_text css=&#8220;.vc_custom_1717676248720{margin-bottom: 25px !important;padding-right: 10% !important;padding-left: 10% !important;}&#8220;]</p>
<p style="text-align: center;">Der Ursprung des Gutes ist in den Archiven des Grundbuchs „Catasto Leopoldino“ dokumentiert, wo die Struktur in ihrer ursprünglichen Form abgebildet ist. Aus den historischen Aufzeichnungen der Gemeinde Montalcino geht hervor, dass das Gebäude um das Jahr 1300 entstand. La Casella war nicht für Wohnzwecke bestimmt, sondern diente als Werkstatt für die Herstellung von Körben für den Warentransport. Montalcino war in früheren Zeiten für seine Handwerkskunst bekannt. Es sind viele Zeugnisse von Werkstätten zur Herstellung von Hanfseilen, Lederarbeiten und Keramiken überliefert.</p>
<p>[/vc_column_text][vc_empty_space][vc_single_image image=&#8220;5796&#8243; img_size=&#8220;large&#8220; alignment=&#8220;center&#8220;][/vc_column_inner][/vc_row_inner][vc_row_inner equal_height=&#8220;yes&#8220; content_placement=&#8220;middle&#8220;][vc_column_inner css=&#8220;.vc_custom_1476282708726{padding: 0px !important;}&#8220;]
	<div class="title-subtitle-box   " style=" text-align: center;">
		<hr class="has-topline"  />
		<span class="toptitle">Die ursprüngliche Zufahrtsstraße</span>
		<h2 style=" color:#000000;  font-style: normal; font-weight: 400; letter-spacing: 0px;" >Ein strategischer Punkt für die Kunsthandwerker von Montalcino</h2>
	</div> [vc_column_text css=&#8220;.vc_custom_1717676349741{margin-bottom: 25px !important;padding-right: 10% !important;padding-left: 10% !important;}&#8220;]</p>
<div style="color: black; font-size: 16px; text-align: center;">Das Gut befindet sich in der Nähe der Stadtmauern von Montalcino, entlang der ursprünglichen Zufahrtsstraße. Es scheint, dass das Land vom oberen Teil des Hügels, der als „Osticcio“ bekannt ist, bis zu dem Anwesen mit Kastanienbäumen bewachsen war, die nicht für die Ernte der Kastanien, sondern für den Holzbestand wichtig waren. Dieses Holz, das im nahe gelegenen Trogolo-Graben aufgeweicht wurde, konnte von erfahrenen Handwerkern leicht bearbeitet und geflochten werden, um Körbe für den Warentransport herzustellen.</div>
<p>[/vc_column_text][vc_empty_space][vc_single_image image=&#8220;4321&#8243; img_size=&#8220;large&#8220; alignment=&#8220;center&#8220;][/vc_column_inner][/vc_row_inner][vc_row_inner equal_height=&#8220;yes&#8220; content_placement=&#8220;middle&#8220;][vc_column_inner css=&#8220;.vc_custom_1476282708726{padding: 0px !important;}&#8220;]
	<div class="title-subtitle-box   " style=" text-align: center;">
		<hr class="has-topline"  />
		<span class="toptitle">Der Handel</span>
		<h2 style=" color:#000000;  font-style: normal; font-weight: 400; letter-spacing: 0px;" >Die Handelswege</h2>
	</div> [vc_column_text css=&#8220;.vc_custom_1717676360422{margin-bottom: 25px !important;padding-right: 10% !important;padding-left: 10% !important;}&#8220;]</p>
<div style="color: black; font-size: 16px; text-align: center;">
<div class="wpb_text_column wpb_content_element vc_custom_1714486390953">
<div class="wpb_wrapper">
<div class="wpb_text_column wpb_content_element vc_custom_1714486423674">
<div class="wpb_wrapper">
<div>
<p class="p1"><span class="s1">Rund um La Casella verläuft eine Straße, die in der Vergangenheit den Reichtum dieses Gebiets von Montalcino ausmachte. Diese Straße war zu jener Zeit von grundlegender Bedeutung für den Handel, vor allem wegen ihrer strategischen Lage.</span></p>
<p class="p3"><span class="s1">Sie ermöglichte es den Reisenden, die aus dem Val d’Arbia, dem Val d’Orcia und vom Monte Amiata ankamen, die Stadt über das Stadttor „Porta Cerbaia“ zu erreichen, den historischen Zugang zu Montalcino, und dann in Richtung der Maremma weiterzufahren.</span></p>
</div>
</div>
</div>
</div>
</div>
</div>
<p>[/vc_column_text][vc_empty_space][vc_single_image image=&#8220;5667&#8243; img_size=&#8220;large&#8220; alignment=&#8220;center&#8220;][/vc_column_inner][/vc_row_inner][vc_row_inner equal_height=&#8220;yes&#8220; content_placement=&#8220;middle&#8220;][vc_column_inner css=&#8220;.vc_custom_1476282708726{padding: 0px !important;}&#8220;]
	<div class="title-subtitle-box   " style=" text-align: center;">
		<hr class="has-topline"  />
		<span class="toptitle">Heute</span>
		<h2 style=" color:#000000;  font-style: normal; font-weight: 400; letter-spacing: 0px;" >Die Wiederherstellung des „Podere La Casella“</h2>
	</div> [vc_column_text css=&#8220;.vc_custom_1717676386310{margin-bottom: 25px !important;padding-right: 10% !important;padding-left: 10% !important;}&#8220;]</p>
<div style="color: black; font-size: 16px; text-align: center;">Im 17. Jahrhundert wurde es von einer Werkstatt in ein Wohnhaus umgewandelt und erfuhr im Laufe der Jahre zahlreiche Umbauten. Heute ist der Podere La Casella perfekt in die Umgebung und die Architektur von Montalcino integriert. Alle Gebäude, einschließlich der Trockenmauern der Terrassen an der Straße, die in die Stadt führt, sind perfekt aufeinander abgestimmt und bilden eine ästhetische und authentische Einheit mit den Gebäuden des historischen Stadtzentrums.</div>
<p>[/vc_column_text][vc_empty_space][vc_single_image image=&#8220;7081&#8243; img_size=&#8220;large&#8220; alignment=&#8220;center&#8220;][/vc_column_inner][/vc_row_inner][/vc_column][/vc_row]</p>
</section>

<p>[vc_row full_width=&#8220;stretch_row&#8220;][vc_column][vc_empty_space height=&#8220;15px&#8220;][vc_row_inner equal_height=&#8220;yes&#8220; content_placement=&#8220;middle&#8220;][vc_column_inner css=&#8220;.vc_custom_1476282708726{padding: 0px !important;}&#8220;][vc_column_text css=&#8220;.vc_custom_1717676248720{margin-bottom: 25px !important;padding-right: 10% !important;padding-left: 10% !important;}&#8220;] Der Ursprung des Gutes ist in den Archiven des Grundbuchs „Catasto Leopoldino“ dokumentiert, wo die Struktur in ihrer ursprünglichen Form abgebildet ist. Aus den historischen Aufzeichnungen der Gemeinde Montalcino geht hervor, dass das Gebäude um das Jahr 1300 entstand. La<br class="read-more-spacer"> <a class="more-link" href="https://www.lacasellamontalcino.com/de/ueber-uns/">Read More</a></p>
