{"id":6091,"date":"2024-05-14T15:19:23","date_gmt":"2024-05-14T13:19:23","guid":{"rendered":"https:\/\/www.lacasellamontalcino.com\/?page_id=6091"},"modified":"2024-12-20T16:09:50","modified_gmt":"2024-12-20T15:09:50","slug":"funghetto-azzurro","status":"publish","type":"page","link":"https:\/\/www.lacasellamontalcino.com\/de\/wohnungen-zimmer\/funghetto-azzurro\/","title":{"rendered":"Funghetto Azzurro"},"content":{"rendered":"<section class=\"wpb-content-wrapper\"><p>[vc_row full_width=&#8220;stretch_row&#8220; css=&#8220;.vc_custom_1702300918125{padding-bottom: 0px !important;}&#8220;][vc_column][vc_empty_space height=&#8220;50px&#8220;][vc_images_carousel images=&#8220;6914,6911,6908,6917&#8243; img_size=&#8220;full&#8220; onclick=&#8220;link_no&#8220; hide_pagination_control=&#8220;yes&#8220; css=&#8220;.vc_custom_1734083682871{margin-top: 0px !important;margin-right: 0px !important;margin-bottom: 0px !important;margin-left: 0px !important;padding-top: 0px !important;padding-right: 0px !important;padding-bottom: 0px !important;padding-left: 0px !important;}&#8220;][vc_empty_space height=&#8220;50px&#8220;][vc_row_inner equal_height=&#8220;yes&#8220; content_placement=&#8220;top&#8220;][vc_column_inner width=&#8220;7\/12&#8243; css=&#8220;.vc_custom_1718283826592{background-color: #ffffff !important;}&#8220;][vc_column_text]<\/p>\n<h2 style=\"padding-top: 0px !important; margin-top: 0px !important;\"><strong>Funghetto Azzurro<\/strong><\/h2>\n<p><strong>Das Zimmer \u201eFunghetto Azzurro\u201c<\/strong> im Erdgeschoss zeichnet sich durch die blaue Farbe der W\u00e4nde aus.<\/p>\n<p>Es besteht aus einer Kochnische, einem Zimmer mit einem Doppelbett und einem Badezimmer. Bei Bedarf k\u00f6nnen zwei Einzelbetten hinzugef\u00fcgt werden. Das Zimmer verf\u00fcgt \u00fcber einen Au\u00dfenbereich.<\/p>\n<p>Es hat einen eigenen Eingang und kann mit der Wohnung \u201eFunghetto Rosa\u201c zusammengelegt werden.<\/p>\n<p><strong>Check-in<\/strong>: 15.30\/18.30<br \/>\n<strong>Check-out<\/strong>: 10:00<\/p>\n<p>Sollte ein Check-in zu den festgelegten Zeiten nicht m\u00f6glich sein, k\u00f6nnen Sie nach einem Self-Check-in fragen.<\/p>\n<p><em>* Haustiere nur auf Anfrage erlaubt<\/em>[\/vc_column_text][\/vc_column_inner][vc_column_inner width=&#8220;5\/12&#8243;]\n\t<div class=\"gg_list list_style_line  \" >\n\t<h5  >MERKMALE<\/h5>\n\t\n<ul>\n<li>Erdgeschoss<\/li>\n<li>Schlafzimmer mit Doppelbett<\/li>\n<li>Badezimmer<\/li>\n<li>Haartrockner<\/li>\n<li>Pflegeset f\u00fcr das Bad<\/li>\n<li>Bettw\u00e4sche inklusive<\/li>\n<li>Kochecke<\/li>\n<li>Fr\u00fchst\u00fcck auf Anfrage bei der Buchung<\/li>\n<li>Au\u00dfenhof<\/li>\n<li>Privatparkplatz<\/li>\n<li>Privatbereich<\/li>\n<li>M\u00f6glichkeit der Erweiterung des Zimmers um die Wohnung \u201eFunghetto Rosa\u201c.<\/li>\n<\/ul>\n\n\t<\/div>[\/vc_column_inner][\/vc_row_inner][vc_row_inner][vc_column_inner][vc_btn title=&#8220;JETZT BUCHEN&#8220; style=&#8220;classic&#8220; shape=&#8220;square&#8220; color=&#8220;black&#8220; size=&#8220;xs&#8220; link=&#8220;url:https%3A%2F%2Fmy.xenion.it%2F%2Flacasellamontalcino%2Fpaginaprenotazione%3Fidstructure%3D1%26lang%3Dde|target:_blank&#8220;][\/vc_column_inner][\/vc_row_inner][vc_column_text]<\/p>\n<p class=\"Titolo11\"><strong><span lang=\"DE\">DIE ANDEREN UNTERK\u00dcNFTE ANSEHEN<\/span><\/strong><\/p>\n<p>[\/vc_column_text][vc_row_inner][vc_column_inner width=&#8220;1\/4&#8243;]\n\t<div class=\"featured-image-box  vc_custom_1734086607811 text-align-left box-style-button_overlay\">\n\t\t<figure onclick=\"\" class=\"button_overlay\">\n\t\t\t<div class=\"featured-image-holder\"><img loading=\"lazy\" decoding=\"async\" width=\"720\" height=\"800\" src=\"https:\/\/www.lacasellamontalcino.com\/wp-content\/uploads\/2024\/12\/DSC5718_2.jpg\" class=\"vc_single_image-img attachment-full\" alt=\"\" title=\"_DSC5718_2\" srcset=\"https:\/\/www.lacasellamontalcino.com\/wp-content\/uploads\/2024\/12\/DSC5718_2.jpg 720w, https:\/\/www.lacasellamontalcino.com\/wp-content\/uploads\/2024\/12\/DSC5718_2-270x300.jpg 270w\" sizes=\"(max-width: 720px) 100vw, 720px\" \/><\/div>\n\t\t<figcaption onclick=\"\" class=\"\">\n\t\t<div class=\"featured-image-box-meta\">\n\t\t\t<a class=\"read-more-link\" href=\"https:\/\/www.lacasellamontalcino.com\/de\/wohnungen-zimmer\/gli-archetti\/\" title=\"Gli archetti Wohnung\" target=\"_self\"><span class=\"hidden\">Gli archetti Wohnung<\/span><\/a>\n\t\t<\/div>\n\t\t<\/figcaption>\n\t\t<\/figure>\n\t<\/div> [\/vc_column_inner][vc_column_inner width=&#8220;1\/4&#8243;]\n\t<div class=\"featured-image-box  text-align-left box-style-button_overlay\">\n\t\t<figure onclick=\"\" class=\"button_overlay\">\n\t\t\t<div class=\"featured-image-holder\"><img loading=\"lazy\" decoding=\"async\" width=\"720\" height=\"799\" src=\"https:\/\/www.lacasellamontalcino.com\/wp-content\/uploads\/2024\/12\/DSC6426_2.jpg\" class=\"vc_single_image-img attachment-full\" alt=\"\" title=\"_DSC6426_2\" srcset=\"https:\/\/www.lacasellamontalcino.com\/wp-content\/uploads\/2024\/12\/DSC6426_2.jpg 720w, https:\/\/www.lacasellamontalcino.com\/wp-content\/uploads\/2024\/12\/DSC6426_2-270x300.jpg 270w\" sizes=\"(max-width: 720px) 100vw, 720px\" \/><\/div>\n\t\t<figcaption onclick=\"\" class=\"\">\n\t\t<div class=\"featured-image-box-meta\">\n\t\t\t<a class=\"read-more-link\" href=\"https:\/\/www.lacasellamontalcino.com\/de\/wohnungen-zimmer\/funghetto-rosa\/\" title=\"Il Funghetto Rosa Wohnung\" target=\"_self\"><span class=\"hidden\">Il Funghetto Rosa Wohnung<\/span><\/a>\n\t\t<\/div>\n\t\t<\/figcaption>\n\t\t<\/figure>\n\t<\/div> [\/vc_column_inner][vc_column_inner width=&#8220;1\/4&#8243;]\n\t<div class=\"featured-image-box  text-align-left box-style-button_overlay\">\n\t\t<figure onclick=\"\" class=\"button_overlay\">\n\t\t\t<div class=\"featured-image-holder\"><img loading=\"lazy\" decoding=\"async\" width=\"720\" height=\"799\" src=\"https:\/\/www.lacasellamontalcino.com\/wp-content\/uploads\/2024\/12\/DSC5755_2_web.jpg\" class=\"vc_single_image-img attachment-full\" alt=\"\" title=\"_DSC5755_2_web\" srcset=\"https:\/\/www.lacasellamontalcino.com\/wp-content\/uploads\/2024\/12\/DSC5755_2_web.jpg 720w, https:\/\/www.lacasellamontalcino.com\/wp-content\/uploads\/2024\/12\/DSC5755_2_web-270x300.jpg 270w\" sizes=\"(max-width: 720px) 100vw, 720px\" \/><\/div>\n\t\t<figcaption onclick=\"\" class=\"\">\n\t\t<div class=\"featured-image-box-meta\">\n\t\t\t<a class=\"read-more-link\" href=\"https:\/\/www.lacasellamontalcino.com\/de\/wohnungen-zimmer\/la-terrazza\/\" title=\"La Terrazza Wohnung\" target=\"_self\"><span class=\"hidden\">La Terrazza Wohnung<\/span><\/a>\n\t\t<\/div>\n\t\t<\/figcaption>\n\t\t<\/figure>\n\t<\/div> [\/vc_column_inner][vc_column_inner width=&#8220;1\/4&#8243;]\n\t<div class=\"featured-image-box  text-align-left box-style-button_overlay\">\n\t\t<figure onclick=\"\" class=\"button_overlay\">\n\t\t\t<div class=\"featured-image-holder\"><img loading=\"lazy\" decoding=\"async\" width=\"720\" height=\"800\" src=\"https:\/\/www.lacasellamontalcino.com\/wp-content\/uploads\/2024\/12\/DSC5760_2.jpg\" class=\"vc_single_image-img attachment-full\" alt=\"\" title=\"_DSC5760_2\" srcset=\"https:\/\/www.lacasellamontalcino.com\/wp-content\/uploads\/2024\/12\/DSC5760_2.jpg 720w, https:\/\/www.lacasellamontalcino.com\/wp-content\/uploads\/2024\/12\/DSC5760_2-270x300.jpg 270w\" sizes=\"(max-width: 720px) 100vw, 720px\" \/><\/div>\n\t\t<figcaption onclick=\"\" class=\"\">\n\t\t<div class=\"featured-image-box-meta\">\n\t\t\t<a class=\"read-more-link\" href=\"https:\/\/www.lacasellamontalcino.com\/de\/wohnungen-zimmer\/camera-gialla\/\" title=\"Camera Gialla Zimmer\" target=\"_self\"><span class=\"hidden\">Camera Gialla Zimmer<\/span><\/a>\n\t\t<\/div>\n\t\t<\/figcaption>\n\t\t<\/figure>\n\t<\/div> [\/vc_column_inner][\/vc_row_inner][vc_empty_space height=&#8220;100px&#8220;][\/vc_column][\/vc_row]<\/p>\n<\/section>","protected":false},"excerpt":{"rendered":"<p>[vc_row full_width=&#8220;stretch_row&#8220; css=&#8220;.vc_custom_1702300918125{padding-bottom: 0px !important;}&#8220;][vc_column][vc_empty_space height=&#8220;50px&#8220;][vc_images_carousel images=&#8220;6914,6911,6908,6917&#8243; img_size=&#8220;full&#8220; onclick=&#8220;link_no&#8220; hide_pagination_control=&#8220;yes&#8220; css=&#8220;.vc_custom_1734083682871{margin-top: 0px !important;margin-right: 0px !important;margin-bottom: 0px !important;margin-left: 0px !important;padding-top: 0px !important;padding-right: 0px !important;padding-bottom: 0px !important;padding-left: 0px !important;}&#8220;][vc_empty_space height=&#8220;50px&#8220;][vc_row_inner equal_height=&#8220;yes&#8220; content_placement=&#8220;top&#8220;][vc_column_inner width=&#8220;7\/12&#8243; css=&#8220;.vc_custom_1718283826592{background-color: #ffffff !important;}&#8220;][vc_column_text] Funghetto Azzurro Das Zimmer \u201eFunghetto Azzurro\u201c im Erdgeschoss zeichnet sich durch die blaue Farbe der W\u00e4nde aus. Es besteht aus einer<br class=\"read-more-spacer\"> <a class=\"more-link\" href=\"https:\/\/www.lacasellamontalcino.com\/de\/wohnungen-zimmer\/funghetto-azzurro\/\">Read More<\/a><\/p>\n","protected":false},"author":2,"featured_media":6914,"parent":6530,"menu_order":0,"comment_status":"closed","ping_status":"closed","template":"","meta":{"footnotes":""},"acf":[],"_links":{"self":[{"href":"https:\/\/www.lacasellamontalcino.com\/de\/wp-json\/wp\/v2\/pages\/6091"}],"collection":[{"href":"https:\/\/www.lacasellamontalcino.com\/de\/wp-json\/wp\/v2\/pages"}],"about":[{"href":"https:\/\/www.lacasellamontalcino.com\/de\/wp-json\/wp\/v2\/types\/page"}],"author":[{"embeddable":true,"href":"https:\/\/www.lacasellamontalcino.com\/de\/wp-json\/wp\/v2\/users\/2"}],"replies":[{"embeddable":true,"href":"https:\/\/www.lacasellamontalcino.com\/de\/wp-json\/wp\/v2\/comments?post=6091"}],"version-history":[{"count":20,"href":"https:\/\/www.lacasellamontalcino.com\/de\/wp-json\/wp\/v2\/pages\/6091\/revisions"}],"predecessor-version":[{"id":7122,"href":"https:\/\/www.lacasellamontalcino.com\/de\/wp-json\/wp\/v2\/pages\/6091\/revisions\/7122"}],"up":[{"embeddable":true,"href":"https:\/\/www.lacasellamontalcino.com\/de\/wp-json\/wp\/v2\/pages\/6530"}],"wp:featuredmedia":[{"embeddable":true,"href":"https:\/\/www.lacasellamontalcino.com\/de\/wp-json\/wp\/v2\/media\/6914"}],"wp:attachment":[{"href":"https:\/\/www.lacasellamontalcino.com\/de\/wp-json\/wp\/v2\/media?parent=6091"}],"curies":[{"name":"wp","href":"https:\/\/api.w.org\/{rel}","templated":true}]}}

<section class="wpb-content-wrapper"><p>[vc_row full_width=&#8220;stretch_row&#8220; css=&#8220;.vc_custom_1702300918125{padding-bottom: 0px !important;}&#8220;][vc_column][vc_empty_space height=&#8220;50px&#8220;][vc_images_carousel images=&#8220;6914,6911,6908,6917&#8243; img_size=&#8220;full&#8220; onclick=&#8220;link_no&#8220; hide_pagination_control=&#8220;yes&#8220; css=&#8220;.vc_custom_1734083682871{margin-top: 0px !important;margin-right: 0px !important;margin-bottom: 0px !important;margin-left: 0px !important;padding-top: 0px !important;padding-right: 0px !important;padding-bottom: 0px !important;padding-left: 0px !important;}&#8220;][vc_empty_space height=&#8220;50px&#8220;][vc_row_inner equal_height=&#8220;yes&#8220; content_placement=&#8220;top&#8220;][vc_column_inner width=&#8220;7/12&#8243; css=&#8220;.vc_custom_1718283826592{background-color: #ffffff !important;}&#8220;][vc_column_text]</p>
<h2 style="padding-top: 0px !important; margin-top: 0px !important;"><strong>Funghetto Azzurro</strong></h2>
<p><strong>Das Zimmer „Funghetto Azzurro“</strong> im Erdgeschoss zeichnet sich durch die blaue Farbe der Wände aus.</p>
<p>Es besteht aus einer Kochnische, einem Zimmer mit einem Doppelbett und einem Badezimmer. Bei Bedarf können zwei Einzelbetten hinzugefügt werden. Das Zimmer verfügt über einen Außenbereich.</p>
<p>Es hat einen eigenen Eingang und kann mit der Wohnung „Funghetto Rosa“ zusammengelegt werden.</p>
<p><strong>Check-in</strong>: 15.30/18.30<br />
<strong>Check-out</strong>: 10:00</p>
<p>Sollte ein Check-in zu den festgelegten Zeiten nicht möglich sein, können Sie nach einem Self-Check-in fragen.</p>
<p><em>* Haustiere nur auf Anfrage erlaubt</em>[/vc_column_text][/vc_column_inner][vc_column_inner width=&#8220;5/12&#8243;]
	<div class="gg_list list_style_line  " >
	<h5  >MERKMALE</h5>
	
<ul>
<li>Erdgeschoss</li>
<li>Schlafzimmer mit Doppelbett</li>
<li>Badezimmer</li>
<li>Haartrockner</li>
<li>Pflegeset für das Bad</li>
<li>Bettwäsche inklusive</li>
<li>Kochecke</li>
<li>Frühstück auf Anfrage bei der Buchung</li>
<li>Außenhof</li>
<li>Privatparkplatz</li>
<li>Privatbereich</li>
<li>Möglichkeit der Erweiterung des Zimmers um die Wohnung „Funghetto Rosa“.</li>
</ul>

	</div>[/vc_column_inner][/vc_row_inner][vc_row_inner][vc_column_inner][vc_btn title=&#8220;JETZT BUCHEN&#8220; style=&#8220;classic&#8220; shape=&#8220;square&#8220; color=&#8220;black&#8220; size=&#8220;xs&#8220; link=&#8220;url:https%3A%2F%2Fmy.xenion.it%2F%2Flacasellamontalcino%2Fpaginaprenotazione%3Fidstructure%3D1%26lang%3Dde|target:_blank&#8220;][/vc_column_inner][/vc_row_inner][vc_column_text]</p>
<p class="Titolo11"><strong><span lang="DE">DIE ANDEREN UNTERKÜNFTE ANSEHEN</span></strong></p>
<p>[/vc_column_text][vc_row_inner][vc_column_inner width=&#8220;1/4&#8243;]
	<div class="featured-image-box  vc_custom_1734086607811 text-align-left box-style-button_overlay">
		<figure onclick="" class="button_overlay">
			<div class="featured-image-holder"><img loading="lazy" decoding="async" width="720" height="800" src="https://www.lacasellamontalcino.com/wp-content/uploads/2024/12/DSC5718_2.jpg" class="vc_single_image-img attachment-full" alt="" title="_DSC5718_2" srcset="https://www.lacasellamontalcino.com/wp-content/uploads/2024/12/DSC5718_2.jpg 720w, https://www.lacasellamontalcino.com/wp-content/uploads/2024/12/DSC5718_2-270x300.jpg 270w" sizes="(max-width: 720px) 100vw, 720px" /></div>
		<figcaption onclick="" class="">
		<div class="featured-image-box-meta">
			<a class="read-more-link" href="https://www.lacasellamontalcino.com/de/wohnungen-zimmer/gli-archetti/" title="Gli archetti Wohnung" target="_self"><span class="hidden">Gli archetti Wohnung</span></a>
		</div>
		</figcaption>
		</figure>
	</div> [/vc_column_inner][vc_column_inner width=&#8220;1/4&#8243;]
	<div class="featured-image-box  text-align-left box-style-button_overlay">
		<figure onclick="" class="button_overlay">
			<div class="featured-image-holder"><img loading="lazy" decoding="async" width="720" height="799" src="https://www.lacasellamontalcino.com/wp-content/uploads/2024/12/DSC6426_2.jpg" class="vc_single_image-img attachment-full" alt="" title="_DSC6426_2" srcset="https://www.lacasellamontalcino.com/wp-content/uploads/2024/12/DSC6426_2.jpg 720w, https://www.lacasellamontalcino.com/wp-content/uploads/2024/12/DSC6426_2-270x300.jpg 270w" sizes="(max-width: 720px) 100vw, 720px" /></div>
		<figcaption onclick="" class="">
		<div class="featured-image-box-meta">
			<a class="read-more-link" href="https://www.lacasellamontalcino.com/de/wohnungen-zimmer/funghetto-rosa/" title="Il Funghetto Rosa Wohnung" target="_self"><span class="hidden">Il Funghetto Rosa Wohnung</span></a>
		</div>
		</figcaption>
		</figure>
	</div> [/vc_column_inner][vc_column_inner width=&#8220;1/4&#8243;]
	<div class="featured-image-box  text-align-left box-style-button_overlay">
		<figure onclick="" class="button_overlay">
			<div class="featured-image-holder"><img loading="lazy" decoding="async" width="720" height="799" src="https://www.lacasellamontalcino.com/wp-content/uploads/2024/12/DSC5755_2_web.jpg" class="vc_single_image-img attachment-full" alt="" title="_DSC5755_2_web" srcset="https://www.lacasellamontalcino.com/wp-content/uploads/2024/12/DSC5755_2_web.jpg 720w, https://www.lacasellamontalcino.com/wp-content/uploads/2024/12/DSC5755_2_web-270x300.jpg 270w" sizes="(max-width: 720px) 100vw, 720px" /></div>
		<figcaption onclick="" class="">
		<div class="featured-image-box-meta">
			<a class="read-more-link" href="https://www.lacasellamontalcino.com/de/wohnungen-zimmer/la-terrazza/" title="La Terrazza Wohnung" target="_self"><span class="hidden">La Terrazza Wohnung</span></a>
		</div>
		</figcaption>
		</figure>
	</div> [/vc_column_inner][vc_column_inner width=&#8220;1/4&#8243;]
	<div class="featured-image-box  text-align-left box-style-button_overlay">
		<figure onclick="" class="button_overlay">
			<div class="featured-image-holder"><img loading="lazy" decoding="async" width="720" height="800" src="https://www.lacasellamontalcino.com/wp-content/uploads/2024/12/DSC5760_2.jpg" class="vc_single_image-img attachment-full" alt="" title="_DSC5760_2" srcset="https://www.lacasellamontalcino.com/wp-content/uploads/2024/12/DSC5760_2.jpg 720w, https://www.lacasellamontalcino.com/wp-content/uploads/2024/12/DSC5760_2-270x300.jpg 270w" sizes="(max-width: 720px) 100vw, 720px" /></div>
		<figcaption onclick="" class="">
		<div class="featured-image-box-meta">
			<a class="read-more-link" href="https://www.lacasellamontalcino.com/de/wohnungen-zimmer/camera-gialla/" title="Camera Gialla Zimmer" target="_self"><span class="hidden">Camera Gialla Zimmer</span></a>
		</div>
		</figcaption>
		</figure>
	</div> [/vc_column_inner][/vc_row_inner][vc_empty_space height=&#8220;100px&#8220;][/vc_column][/vc_row]</p>
</section>

<p>[vc_row full_width=&#8220;stretch_row&#8220; css=&#8220;.vc_custom_1702300918125{padding-bottom: 0px !important;}&#8220;][vc_column][vc_empty_space height=&#8220;50px&#8220;][vc_images_carousel images=&#8220;6914,6911,6908,6917&#8243; img_size=&#8220;full&#8220; onclick=&#8220;link_no&#8220; hide_pagination_control=&#8220;yes&#8220; css=&#8220;.vc_custom_1734083682871{margin-top: 0px !important;margin-right: 0px !important;margin-bottom: 0px !important;margin-left: 0px !important;padding-top: 0px !important;padding-right: 0px !important;padding-bottom: 0px !important;padding-left: 0px !important;}&#8220;][vc_empty_space height=&#8220;50px&#8220;][vc_row_inner equal_height=&#8220;yes&#8220; content_placement=&#8220;top&#8220;][vc_column_inner width=&#8220;7/12&#8243; css=&#8220;.vc_custom_1718283826592{background-color: #ffffff !important;}&#8220;][vc_column_text] Funghetto Azzurro Das Zimmer „Funghetto Azzurro“ im Erdgeschoss zeichnet sich durch die blaue Farbe der Wände aus. Es besteht aus einer<br class="read-more-spacer"> <a class="more-link" href="https://www.lacasellamontalcino.com/de/wohnungen-zimmer/funghetto-azzurro/">Read More</a></p>
