{"id":6087,"date":"2024-05-14T15:17:36","date_gmt":"2024-05-14T13:17:36","guid":{"rendered":"https:\/\/www.lacasellamontalcino.com\/?page_id=6087"},"modified":"2024-12-20T16:15:15","modified_gmt":"2024-12-20T15:15:15","slug":"funghetto-rosa","status":"publish","type":"page","link":"https:\/\/www.lacasellamontalcino.com\/de\/wohnungen-zimmer\/funghetto-rosa\/","title":{"rendered":"Funghetto Rosa"},"content":{"rendered":"<section class=\"wpb-content-wrapper\"><p>[vc_row full_width=&#8220;stretch_row&#8220; css=&#8220;.vc_custom_1702300918125{padding-bottom: 0px !important;}&#8220;][vc_column][vc_empty_space height=&#8220;50px&#8220;][vc_images_carousel images=&#8220;6923,6929,6932,6926&#8243; img_size=&#8220;full&#8220; onclick=&#8220;link_no&#8220;][vc_empty_space height=&#8220;50px&#8220;][vc_row_inner equal_height=&#8220;yes&#8220; content_placement=&#8220;top&#8220;][vc_column_inner width=&#8220;7\/12&#8243;][vc_column_text]<\/p>\n<h2><strong>Il Funghetto Rosa<\/strong><\/h2>\n<p><strong>Die Wohnung \u201eIl Funghetto Rosa\u201c<\/strong>, die ihren Namen der pilzf\u00f6rmigen Eingangst\u00fcr verdankt, befindet sich im Erdgeschoss und verf\u00fcgt \u00fcber eine gro\u00dfe Panoramaveranda mit Blick auf den Garten und das Val d&#8217;Orcia.<\/p>\n<p>Im Inneren gibt es ein Wohnzimmer mit K\u00fcche, ein Ankleidezimmer, ein Badezimmer und ein Doppelzimmer mit rosa W\u00e4nden.<\/p>\n<p>Auf der gleichen Etage befindet sich auch das Zimmer &#8222;Funghetto Azzurro&#8220;, das mit dem Rest der Wohnung verbunden werden kann, um die Schlafm\u00f6glichkeiten mit zwei Einzelbetten oder einem Doppelbett zu erweitern.[\/vc_column_text][vc_column_text css=&#8220;.vc_custom_1717516241037{margin-top: -10px !important;margin-right: 100px !important;}&#8220;]<strong>Check-in<\/strong>: 15:30\/18:30<\/p>\n<p><strong>Check-out<\/strong>: 10:00<\/p>\n<p>Sollte ein Check-in zu den festgelegten Zeiten nicht m\u00f6glich sein, k\u00f6nnen Sie nach einem Self-Check-in fragen.<\/p>\n<p><em>* Haustiere nur auf Anfrage erlaubt<\/em>[\/vc_column_text][vc_empty_space height=&#8220;50px&#8220;][vc_btn title=&#8220;JETZT BUCHEN&#8220; style=&#8220;classic&#8220; shape=&#8220;square&#8220; color=&#8220;black&#8220; size=&#8220;xs&#8220; link=&#8220;url:https%3A%2F%2Fmy.xenion.it%2F%2Flacasellamontalcino%2Fpaginaprenotazione%3Fidstructure%3D1%26lang%3Dde|target:_blank&#8220;][vc_empty_space height=&#8220;30px&#8220;][\/vc_column_inner][vc_column_inner width=&#8220;5\/12&#8243;]\n\t<div class=\"gg_list list_style_line  \" >\n\t<h5  >MERKMALE<\/h5>\n\t\n<ul>\n<li>Erdgeschoss<\/li>\n<li>Schlafzimmer mit Doppelbett<\/li>\n<li>Badezimmer<\/li>\n<li>Haartrockner<\/li>\n<li>Pflegeset f\u00fcr das Bad<\/li>\n<li>Bettw\u00e4sche inklusive<\/li>\n<li>Unabh\u00e4ngige K\u00fcche<\/li>\n<li>Fr\u00fchst\u00fcck auf Anfrage bei der Buchung<\/li>\n<li>Privatparkplatz<\/li>\n<li>Veranda mit Panoramablick auf das Val d\u2019Orcia<\/li>\n<li>Privatbereich<\/li>\n<li>M\u00f6glichkeit der Erweiterung der Wohnung um das Zimmer \u201eFunghetto Azzurro\u201c.<\/li>\n<\/ul>\n\n\t<\/div>[\/vc_column_inner][\/vc_row_inner][vc_row_inner][vc_column_inner][vc_empty_space height=&#8220;100px&#8220;][vc_column_text]<\/p>\n<p class=\"p1\"><strong><span lang=\"DE\">DIE ANDEREN UNTERK\u00dcNFTE ANSEHEN<\/span><\/strong><\/p>\n<p>[\/vc_column_text][\/vc_column_inner][\/vc_row_inner][vc_row_inner][vc_column_inner width=&#8220;1\/4&#8243;]\n\t<div class=\"featured-image-box  vc_custom_1734086807923 text-align-left box-style-button_overlay\">\n\t\t<figure onclick=\"\" class=\"button_overlay\">\n\t\t\t<div class=\"featured-image-holder\"><img loading=\"lazy\" decoding=\"async\" width=\"720\" height=\"800\" src=\"https:\/\/www.lacasellamontalcino.com\/wp-content\/uploads\/2024\/12\/DSC5718_2.jpg\" class=\"vc_single_image-img attachment-full\" alt=\"\" title=\"_DSC5718_2\" srcset=\"https:\/\/www.lacasellamontalcino.com\/wp-content\/uploads\/2024\/12\/DSC5718_2.jpg 720w, https:\/\/www.lacasellamontalcino.com\/wp-content\/uploads\/2024\/12\/DSC5718_2-270x300.jpg 270w\" sizes=\"(max-width: 720px) 100vw, 720px\" \/><\/div>\n\t\t<figcaption onclick=\"\" class=\"\">\n\t\t<div class=\"featured-image-box-meta\">\n\t\t\t<a class=\"read-more-link\" href=\"https:\/\/www.lacasellamontalcino.com\/de\/wohnungen-zimmer\/gli-archetti\/\" title=\"Gli archetti\" target=\"_blank\"><span class=\"hidden\">Gli archetti<\/span><\/a>\n\t\t<\/div>\n\t\t<\/figcaption>\n\t\t<\/figure>\n\t<\/div> [\/vc_column_inner][vc_column_inner width=&#8220;1\/4&#8243;]\n\t<div class=\"featured-image-box  text-align-left box-style-button_overlay\">\n\t\t<figure onclick=\"\" class=\"button_overlay\">\n\t\t\t<div class=\"featured-image-holder\"><img loading=\"lazy\" decoding=\"async\" width=\"720\" height=\"799\" src=\"https:\/\/www.lacasellamontalcino.com\/wp-content\/uploads\/2024\/12\/DSC5755_2_web.jpg\" class=\"vc_single_image-img attachment-full\" alt=\"\" title=\"_DSC5755_2_web\" srcset=\"https:\/\/www.lacasellamontalcino.com\/wp-content\/uploads\/2024\/12\/DSC5755_2_web.jpg 720w, https:\/\/www.lacasellamontalcino.com\/wp-content\/uploads\/2024\/12\/DSC5755_2_web-270x300.jpg 270w\" sizes=\"(max-width: 720px) 100vw, 720px\" \/><\/div>\n\t\t<figcaption onclick=\"\" class=\"\">\n\t\t<div class=\"featured-image-box-meta\">\n\t\t\t<a class=\"read-more-link\" href=\"https:\/\/www.lacasellamontalcino.com\/de\/wohnungen-zimmer\/la-terrazza\/\" title=\"La Terrazza\" target=\"_blank\"><span class=\"hidden\">La Terrazza<\/span><\/a>\n\t\t<\/div>\n\t\t<\/figcaption>\n\t\t<\/figure>\n\t<\/div> [\/vc_column_inner][vc_column_inner width=&#8220;1\/4&#8243;]\n\t<div class=\"featured-image-box  text-align-left box-style-button_overlay\">\n\t\t<figure onclick=\"\" class=\"button_overlay\">\n\t\t\t<div class=\"featured-image-holder\"><img loading=\"lazy\" decoding=\"async\" width=\"720\" height=\"800\" src=\"https:\/\/www.lacasellamontalcino.com\/wp-content\/uploads\/2024\/12\/DSC5760_2.jpg\" class=\"vc_single_image-img attachment-full\" alt=\"\" title=\"_DSC5760_2\" srcset=\"https:\/\/www.lacasellamontalcino.com\/wp-content\/uploads\/2024\/12\/DSC5760_2.jpg 720w, https:\/\/www.lacasellamontalcino.com\/wp-content\/uploads\/2024\/12\/DSC5760_2-270x300.jpg 270w\" sizes=\"(max-width: 720px) 100vw, 720px\" \/><\/div>\n\t\t<figcaption onclick=\"\" class=\"\">\n\t\t<div class=\"featured-image-box-meta\">\n\t\t\t<a class=\"read-more-link\" href=\"https:\/\/www.lacasellamontalcino.com\/de\/wohnungen-zimmer\/camera-gialla\/\" title=\"Camera Gialla\" target=\"_self\"><span class=\"hidden\">Camera Gialla<\/span><\/a>\n\t\t<\/div>\n\t\t<\/figcaption>\n\t\t<\/figure>\n\t<\/div> [\/vc_column_inner][vc_column_inner width=&#8220;1\/4&#8243;]\n\t<div class=\"featured-image-box  text-align-left box-style-button_overlay\">\n\t\t<figure onclick=\"\" class=\"button_overlay\">\n\t\t\t<div class=\"featured-image-holder\"><img loading=\"lazy\" decoding=\"async\" width=\"720\" height=\"799\" src=\"https:\/\/www.lacasellamontalcino.com\/wp-content\/uploads\/2024\/12\/DSC6437_2.jpg\" class=\"vc_single_image-img attachment-full\" alt=\"\" title=\"_DSC6437_2\" srcset=\"https:\/\/www.lacasellamontalcino.com\/wp-content\/uploads\/2024\/12\/DSC6437_2.jpg 720w, https:\/\/www.lacasellamontalcino.com\/wp-content\/uploads\/2024\/12\/DSC6437_2-270x300.jpg 270w\" sizes=\"(max-width: 720px) 100vw, 720px\" \/><\/div>\n\t\t<figcaption onclick=\"\" class=\"\">\n\t\t<div class=\"featured-image-box-meta\">\n\t\t\t<a class=\"read-more-link\" href=\"https:\/\/www.lacasellamontalcino.com\/de\/wohnungen-zimmer\/funghetto-azzurro\/\" title=\"Il Funghetto Azzurro\" target=\"_blank\"><span class=\"hidden\">Il Funghetto Azzurro<\/span><\/a>\n\t\t<\/div>\n\t\t<\/figcaption>\n\t\t<\/figure>\n\t<\/div> [\/vc_column_inner][\/vc_row_inner][vc_empty_space height=&#8220;100px&#8220;][\/vc_column][\/vc_row]<\/p>\n<\/section>","protected":false},"excerpt":{"rendered":"<p>[vc_row full_width=&#8220;stretch_row&#8220; css=&#8220;.vc_custom_1702300918125{padding-bottom: 0px !important;}&#8220;][vc_column][vc_empty_space height=&#8220;50px&#8220;][vc_images_carousel images=&#8220;6923,6929,6932,6926&#8243; img_size=&#8220;full&#8220; onclick=&#8220;link_no&#8220;][vc_empty_space height=&#8220;50px&#8220;][vc_row_inner equal_height=&#8220;yes&#8220; content_placement=&#8220;top&#8220;][vc_column_inner width=&#8220;7\/12&#8243;][vc_column_text] Il Funghetto Rosa Die Wohnung \u201eIl Funghetto Rosa\u201c, die ihren Namen der pilzf\u00f6rmigen Eingangst\u00fcr verdankt, befindet sich im Erdgeschoss und verf\u00fcgt \u00fcber eine gro\u00dfe Panoramaveranda mit Blick auf den Garten und das Val d&#8217;Orcia. Im Inneren gibt es ein Wohnzimmer mit K\u00fcche,<br class=\"read-more-spacer\"> <a class=\"more-link\" href=\"https:\/\/www.lacasellamontalcino.com\/de\/wohnungen-zimmer\/funghetto-rosa\/\">Read More<\/a><\/p>\n","protected":false},"author":2,"featured_media":6923,"parent":6530,"menu_order":0,"comment_status":"closed","ping_status":"closed","template":"","meta":{"footnotes":""},"acf":[],"_links":{"self":[{"href":"https:\/\/www.lacasellamontalcino.com\/de\/wp-json\/wp\/v2\/pages\/6087"}],"collection":[{"href":"https:\/\/www.lacasellamontalcino.com\/de\/wp-json\/wp\/v2\/pages"}],"about":[{"href":"https:\/\/www.lacasellamontalcino.com\/de\/wp-json\/wp\/v2\/types\/page"}],"author":[{"embeddable":true,"href":"https:\/\/www.lacasellamontalcino.com\/de\/wp-json\/wp\/v2\/users\/2"}],"replies":[{"embeddable":true,"href":"https:\/\/www.lacasellamontalcino.com\/de\/wp-json\/wp\/v2\/comments?post=6087"}],"version-history":[{"count":34,"href":"https:\/\/www.lacasellamontalcino.com\/de\/wp-json\/wp\/v2\/pages\/6087\/revisions"}],"predecessor-version":[{"id":7125,"href":"https:\/\/www.lacasellamontalcino.com\/de\/wp-json\/wp\/v2\/pages\/6087\/revisions\/7125"}],"up":[{"embeddable":true,"href":"https:\/\/www.lacasellamontalcino.com\/de\/wp-json\/wp\/v2\/pages\/6530"}],"wp:featuredmedia":[{"embeddable":true,"href":"https:\/\/www.lacasellamontalcino.com\/de\/wp-json\/wp\/v2\/media\/6923"}],"wp:attachment":[{"href":"https:\/\/www.lacasellamontalcino.com\/de\/wp-json\/wp\/v2\/media?parent=6087"}],"curies":[{"name":"wp","href":"https:\/\/api.w.org\/{rel}","templated":true}]}}

<section class="wpb-content-wrapper"><p>[vc_row full_width=&#8220;stretch_row&#8220; css=&#8220;.vc_custom_1702300918125{padding-bottom: 0px !important;}&#8220;][vc_column][vc_empty_space height=&#8220;50px&#8220;][vc_images_carousel images=&#8220;6923,6929,6932,6926&#8243; img_size=&#8220;full&#8220; onclick=&#8220;link_no&#8220;][vc_empty_space height=&#8220;50px&#8220;][vc_row_inner equal_height=&#8220;yes&#8220; content_placement=&#8220;top&#8220;][vc_column_inner width=&#8220;7/12&#8243;][vc_column_text]</p>
<h2><strong>Il Funghetto Rosa</strong></h2>
<p><strong>Die Wohnung „Il Funghetto Rosa“</strong>, die ihren Namen der pilzförmigen Eingangstür verdankt, befindet sich im Erdgeschoss und verfügt über eine große Panoramaveranda mit Blick auf den Garten und das Val d&#8217;Orcia.</p>
<p>Im Inneren gibt es ein Wohnzimmer mit Küche, ein Ankleidezimmer, ein Badezimmer und ein Doppelzimmer mit rosa Wänden.</p>
<p>Auf der gleichen Etage befindet sich auch das Zimmer &#8222;Funghetto Azzurro&#8220;, das mit dem Rest der Wohnung verbunden werden kann, um die Schlafmöglichkeiten mit zwei Einzelbetten oder einem Doppelbett zu erweitern.[/vc_column_text][vc_column_text css=&#8220;.vc_custom_1717516241037{margin-top: -10px !important;margin-right: 100px !important;}&#8220;]<strong>Check-in</strong>: 15:30/18:30</p>
<p><strong>Check-out</strong>: 10:00</p>
<p>Sollte ein Check-in zu den festgelegten Zeiten nicht möglich sein, können Sie nach einem Self-Check-in fragen.</p>
<p><em>* Haustiere nur auf Anfrage erlaubt</em>[/vc_column_text][vc_empty_space height=&#8220;50px&#8220;][vc_btn title=&#8220;JETZT BUCHEN&#8220; style=&#8220;classic&#8220; shape=&#8220;square&#8220; color=&#8220;black&#8220; size=&#8220;xs&#8220; link=&#8220;url:https%3A%2F%2Fmy.xenion.it%2F%2Flacasellamontalcino%2Fpaginaprenotazione%3Fidstructure%3D1%26lang%3Dde|target:_blank&#8220;][vc_empty_space height=&#8220;30px&#8220;][/vc_column_inner][vc_column_inner width=&#8220;5/12&#8243;]
	<div class="gg_list list_style_line  " >
	<h5  >MERKMALE</h5>
	
<ul>
<li>Erdgeschoss</li>
<li>Schlafzimmer mit Doppelbett</li>
<li>Badezimmer</li>
<li>Haartrockner</li>
<li>Pflegeset für das Bad</li>
<li>Bettwäsche inklusive</li>
<li>Unabhängige Küche</li>
<li>Frühstück auf Anfrage bei der Buchung</li>
<li>Privatparkplatz</li>
<li>Veranda mit Panoramablick auf das Val d’Orcia</li>
<li>Privatbereich</li>
<li>Möglichkeit der Erweiterung der Wohnung um das Zimmer „Funghetto Azzurro“.</li>
</ul>

	</div>[/vc_column_inner][/vc_row_inner][vc_row_inner][vc_column_inner][vc_empty_space height=&#8220;100px&#8220;][vc_column_text]</p>
<p class="p1"><strong><span lang="DE">DIE ANDEREN UNTERKÜNFTE ANSEHEN</span></strong></p>
<p>[/vc_column_text][/vc_column_inner][/vc_row_inner][vc_row_inner][vc_column_inner width=&#8220;1/4&#8243;]
	<div class="featured-image-box  vc_custom_1734086807923 text-align-left box-style-button_overlay">
		<figure onclick="" class="button_overlay">
			<div class="featured-image-holder"><img loading="lazy" decoding="async" width="720" height="800" src="https://www.lacasellamontalcino.com/wp-content/uploads/2024/12/DSC5718_2.jpg" class="vc_single_image-img attachment-full" alt="" title="_DSC5718_2" srcset="https://www.lacasellamontalcino.com/wp-content/uploads/2024/12/DSC5718_2.jpg 720w, https://www.lacasellamontalcino.com/wp-content/uploads/2024/12/DSC5718_2-270x300.jpg 270w" sizes="(max-width: 720px) 100vw, 720px" /></div>
		<figcaption onclick="" class="">
		<div class="featured-image-box-meta">
			<a class="read-more-link" href="https://www.lacasellamontalcino.com/de/wohnungen-zimmer/gli-archetti/" title="Gli archetti" target="_blank"><span class="hidden">Gli archetti</span></a>
		</div>
		</figcaption>
		</figure>
	</div> [/vc_column_inner][vc_column_inner width=&#8220;1/4&#8243;]
	<div class="featured-image-box  text-align-left box-style-button_overlay">
		<figure onclick="" class="button_overlay">
			<div class="featured-image-holder"><img loading="lazy" decoding="async" width="720" height="799" src="https://www.lacasellamontalcino.com/wp-content/uploads/2024/12/DSC5755_2_web.jpg" class="vc_single_image-img attachment-full" alt="" title="_DSC5755_2_web" srcset="https://www.lacasellamontalcino.com/wp-content/uploads/2024/12/DSC5755_2_web.jpg 720w, https://www.lacasellamontalcino.com/wp-content/uploads/2024/12/DSC5755_2_web-270x300.jpg 270w" sizes="(max-width: 720px) 100vw, 720px" /></div>
		<figcaption onclick="" class="">
		<div class="featured-image-box-meta">
			<a class="read-more-link" href="https://www.lacasellamontalcino.com/de/wohnungen-zimmer/la-terrazza/" title="La Terrazza" target="_blank"><span class="hidden">La Terrazza</span></a>
		</div>
		</figcaption>
		</figure>
	</div> [/vc_column_inner][vc_column_inner width=&#8220;1/4&#8243;]
	<div class="featured-image-box  text-align-left box-style-button_overlay">
		<figure onclick="" class="button_overlay">
			<div class="featured-image-holder"><img loading="lazy" decoding="async" width="720" height="800" src="https://www.lacasellamontalcino.com/wp-content/uploads/2024/12/DSC5760_2.jpg" class="vc_single_image-img attachment-full" alt="" title="_DSC5760_2" srcset="https://www.lacasellamontalcino.com/wp-content/uploads/2024/12/DSC5760_2.jpg 720w, https://www.lacasellamontalcino.com/wp-content/uploads/2024/12/DSC5760_2-270x300.jpg 270w" sizes="(max-width: 720px) 100vw, 720px" /></div>
		<figcaption onclick="" class="">
		<div class="featured-image-box-meta">
			<a class="read-more-link" href="https://www.lacasellamontalcino.com/de/wohnungen-zimmer/camera-gialla/" title="Camera Gialla" target="_self"><span class="hidden">Camera Gialla</span></a>
		</div>
		</figcaption>
		</figure>
	</div> [/vc_column_inner][vc_column_inner width=&#8220;1/4&#8243;]
	<div class="featured-image-box  text-align-left box-style-button_overlay">
		<figure onclick="" class="button_overlay">
			<div class="featured-image-holder"><img loading="lazy" decoding="async" width="720" height="799" src="https://www.lacasellamontalcino.com/wp-content/uploads/2024/12/DSC6437_2.jpg" class="vc_single_image-img attachment-full" alt="" title="_DSC6437_2" srcset="https://www.lacasellamontalcino.com/wp-content/uploads/2024/12/DSC6437_2.jpg 720w, https://www.lacasellamontalcino.com/wp-content/uploads/2024/12/DSC6437_2-270x300.jpg 270w" sizes="(max-width: 720px) 100vw, 720px" /></div>
		<figcaption onclick="" class="">
		<div class="featured-image-box-meta">
			<a class="read-more-link" href="https://www.lacasellamontalcino.com/de/wohnungen-zimmer/funghetto-azzurro/" title="Il Funghetto Azzurro" target="_blank"><span class="hidden">Il Funghetto Azzurro</span></a>
		</div>
		</figcaption>
		</figure>
	</div> [/vc_column_inner][/vc_row_inner][vc_empty_space height=&#8220;100px&#8220;][/vc_column][/vc_row]</p>
</section>

<p>[vc_row full_width=&#8220;stretch_row&#8220; css=&#8220;.vc_custom_1702300918125{padding-bottom: 0px !important;}&#8220;][vc_column][vc_empty_space height=&#8220;50px&#8220;][vc_images_carousel images=&#8220;6923,6929,6932,6926&#8243; img_size=&#8220;full&#8220; onclick=&#8220;link_no&#8220;][vc_empty_space height=&#8220;50px&#8220;][vc_row_inner equal_height=&#8220;yes&#8220; content_placement=&#8220;top&#8220;][vc_column_inner width=&#8220;7/12&#8243;][vc_column_text] Il Funghetto Rosa Die Wohnung „Il Funghetto Rosa“, die ihren Namen der pilzförmigen Eingangstür verdankt, befindet sich im Erdgeschoss und verfügt über eine große Panoramaveranda mit Blick auf den Garten und das Val d&#8217;Orcia. Im Inneren gibt es ein Wohnzimmer mit Küche,<br class="read-more-spacer"> <a class="more-link" href="https://www.lacasellamontalcino.com/de/wohnungen-zimmer/funghetto-rosa/">Read More</a></p>
